-843, 2*l + 2*o = -2*l - 670. Let g = -359 - l. Let y = g - -314. List the prime factors of y.
3, 41
Let b(z) = -2*z**2 - z. Let j(v) = -8*v**2 - 19*v + 1820. Let a(g) = -3*b(g) + j(g). List the prime factors of a(0).
2, 5, 7, 13
Suppose 0 = 3*f + r - 51667, 3*r + 19610 = -8*f + 157388. What are the prime factors of f?
3, 5741
Suppose -59*q = -56*q - 522. Suppose 0 = -3*g - a + 452, -5*g - 4*a + q = -584. What are the prime factors of g?
2, 3, 5
Suppose l + 0*l = 10*d + 12485, 4*l - 49940 = d. What are the prime factors of l?
5, 11, 227
Let o = 28 + 3. Suppose 1442 = 2*m + 1130. Suppose m = -28*t + o*t. List the prime factors of t.
2, 13
Let o(p) = -161*p + 323*p - 167*p + 182. List the prime factors of o(-20).
2, 3, 47
Suppose 0 = -0*n - 4*n + 20. Suppose -g = 0, t - g - n = -3*g. Suppose -178 = -t*a + 137. What are the prime factors of a?
3, 7
Let l = 1085 + -168. Suppose 2*y - y - l = -5*f, -y = -4*f - 944. List the prime factors of y.
2, 233
Let q(u) be the third derivative of 11*u**4/6 + u**3 - 4*u**2 - 1. What are the prime factors of q(4)?
2, 7, 13
Let p(h) be the first derivative of 51*h**2/2 + 68*h + 15. List the prime factors of p(13).
17, 43
Let a(w) = w**3 - 8*w**2 - 7*w + 14. Let i(p) = -4*p - 46. Let n be (-3)/(-9*(-4)/168). Let l be i(n). List the prime factors of a(l).
2, 3
Suppose 9*n - 47 = 25. Let j(y) = -123 - n*y + 49 - 2*y. What are the prime factors of j(-24)?
2, 83
Let c be (-3 + 875/(-10))/((-2)/(-12)). Let s = -450 - c. What are the prime factors of s?
3, 31
Let r(p) = 49*p**2 + 22*p + 15. List the prime factors of r(-8).
5, 7, 17
Let j(g) = 672*g**2 + 14*g - 55. What are the prime factors of j(3)?
5, 17, 71
Let n = -79 - -353. Suppose -340 = -5*z - 5*h, -4*z + n = 5*h - 3*h. List the prime factors of z.
3, 23
Suppose -4*p - 4*l + 20 = 0, 44 - 3 = 5*p + l. Suppose -1829 = -2*q + r, p*q - 4*r - 3668 = 5*q. List the prime factors of q.
2, 3, 19
Suppose 40 = 5*j + 15, -3*q + 5221 = 5*j. Suppose -3*m - q = -7*m. What are the prime factors of m?
433
Let k be ((-38)/(-5) + 2)/((-6)/435). Let z = -122 - k. List the prime factors of z.
2, 7, 41
Suppose 17*t = 2*k + 12*t - 88922, -k = t - 44482. List the prime factors of k.
2, 11119
What are the prime factors of 15/1*(-95733)/(-55)?
3, 967
Suppose 4*n + 197636 = 4*q, 5*n = 44*q - 40*q - 197634. What are the prime factors of q?
49411
Let z = -180 - -588. Suppose i + 143 - z = 0. List the prime factors of i.
5, 53
Let w be 1/(-4) + 9/4. Let h be w*((-2)/13 + 1935/(-13)). Let t = h + 504. List the prime factors of t.
2, 103
Let h(u) = -328*u + 143. List the prime factors of h(-43).
3, 1583
Suppose 0 = 5*m + 5*j - 453370, -226*j = 2*m - 229*j - 181323. List the prime factors of m.
3, 30223
Let g be (21*2)/(45/6 + -6). Suppose 32*b = g*b + 2628. List the prime factors of b.
3, 73
Suppose 0 = 3*t - 12 - 0. Suppose 1277 - 185 = t*v. List the prime factors of v.
3, 7, 13
Suppose 0 = 64*h - 2969337 + 1024313. What are the prime factors of h?
30391
Let h be (64/(-78) + (-16)/(-104))*-6. Suppose -5*c + h*c + 3*u = -60, 2*c + 4*u - 120 = 0. Let i = 134 - c. What are the prime factors of i?
2, 37
Let n = -262 - -268. List the prime factors of 2 + 25 + -2*15/n.
2, 11
Suppose 3*f + 78834 = 2*c - 7803, -2*f - 173254 = -4*c. What are the prime factors of c?
3, 14437
Let j(h) = h**2 - 4*h - 21. Let g be j(7). Let i(t) = 30*t + 1333. What are the prime factors of i(g)?
31, 43
Suppose 13 - 43 = -4*o - 5*h, -o + 15 = 5*h. Suppose 4*y - 9*y = -5*b + 1090, 5*y - o = 0. List the prime factors of b.
3, 73
Let a(u) = -3*u**2 + 15*u + 6. Let g(f) = 2*f**2 - 17*f - 5. Let c(d) = -4*a(d) - 3*g(d). What are the prime factors of c(12)?
3, 83
Let k(g) = -5*g + 42. Let m be k(7). Suppose 4334 = m*n + 4*n. List the prime factors of n.
2, 197
Let t(c) = -5*c**3 - 222*c**2 + 24*c - 140. What are the prime factors of t(-45)?
5, 971
Suppose 3*c + 4*j - 100150 = c, 3*c = j + 150204. List the prime factors of c.
50069
Let m(y) = 277*y - 1129. List the prime factors of m(5).
2
Suppose -55*k + 13*k - 546 = 0. Let c(z) = 8*z**2 - 18*z + 11. List the prime factors of c(k).
1597
Let g(w) = -w - 1. Let z(h) = 25*h - 175. Let a(d) = -6*g(d) - z(d). What are the prime factors of a(-15)?
2, 233
Let o(a) be the third derivative of 13*a**5/20 - a**4/8 - a**3/3 + 19*a**2. Let l be o(-1). Let p = l + 14. What are the prime factors of p?
2, 3
Let m = -197 + 139. Let b = m - 50. What are the prime factors of (b/16)/(-9) - (-1683)/12?
3, 47
Let r(g) = -g**2 - 19*g - 81. Let c be r(-12). Suppose 0 = 2*w, -5*f + 648 = c*w - 322. List the prime factors of f.
2, 97
Let w(m) be the first derivative of -m**4/4 - m**3 - 15*m**2/2 + 8*m - 42. What are the prime factors of w(-7)?
3, 103
Suppose 229 = 2*v + 223. What are the prime factors of (-130 + v)/(2/(-14))?
7, 127
Suppose -18 - 15 = 3*v - 2*a, -60 = 5*v - 5*a. Let y(p) = p**2 + 6*p - 47. Let k be y(v). What are the prime factors of (-1572)/(-15) + (-4)/k?
3, 5, 7
Suppose -170 = 4*l + 4*j + 26, 64 = -l + 4*j. Let z = -48 - l. Suppose 0 = p + 4*n - 21, 0 = -z*p - 4*n + 2*n + 42. What are the prime factors of p?
3
Let f = 3402 + 2921. What are the prime factors of f?
6323
Let x = 86354 + -14516. What are the prime factors of x?
2, 3, 13, 307
Let x(i) = 3*i - 39. Let t be x(16). Let h be (1 - 4/3)/(t/(-81)). Suppose -h*s = 3*j - 246, 6*s = s + j + 386. List the prime factors of s.
2, 3, 13
Let s(c) = 12240*c + 1905. List the prime factors of s(2).
3, 5, 1759
Let o be (-92)/(-22) - 6/33. Suppose -o*b + b + 2*d = -11, 0 = 4*b - 4*d - 12. Suppose u + 3*u - 170 = -5*m, b*u = 0. What are the prime factors of m?
2, 17
Let o(p) = 15*p**2 - 70*p - 1273. What are the prime factors of o(53)?
2, 3, 43
Suppose 28*b - 1333 - 319 = 0. Suppose -3*z - 2*q = -83, -q + 26 = 3*z - b. List the prime factors of z.
29
Let p(f) = 2033*f - 273. What are the prime factors of p(14)?
7, 4027
Let k(p) = -p**3 - 11*p**2 - 11*p - 14. Let o be k(-10). What are the prime factors of (3975/25)/((-2)/o)?
2, 3, 53
Suppose 3*i - 96623 = 5*g, 4*g - 7 = -35. What are the prime factors of i?
2, 3, 2683
Let t(f) be the first derivative of -f**4/4 + 2*f**3/3 + 7*f**2/2 - 2. List the prime factors of t(3).
2, 3
Suppose -4*m + 1974 = -1178. Let w = 948 - m. What are the prime factors of w?
2, 5
Let y be ((-86)/(-4))/(3*(-2)/(-12)). Let r(m) = 18*m - 179. What are the prime factors of r(y)?
5, 7, 17
Suppose -3*p - 2*k + 5*k + 4683 = 0, 3*p - 4693 = 5*k. Suppose 0 = -10*a - 206 + p. What are the prime factors of a?
3, 5
Suppose 2*v = 4*o - 5*o, 5*o = 4*v + 70. Suppose 4*u - 858 = 2*t - 192, -2*t = o. List the prime factors of u.
2, 41
Suppose -l - 2*g + 4*g = -3520, 5*g - 14106 = -4*l. Suppose 5*y = 4*s + l, 5*y + 4*s = 1646 + 1870. List the prime factors of y.
2, 11
Let t(g) be the third derivative of -5*g**4/6 + 1259*g**3/6 - 133*g**2. What are the prime factors of t(0)?
1259
Suppose -4*m + 270816 = 58*m. What are the prime factors of m?
2, 3, 7, 13
Suppose 0 = -3*v + i - 0*i + 37, 4*i - 32 = -3*v. Suppose 0 = -2*g + 2154 + 5010. Suppose 6*h - g = -v*h. What are the prime factors of h?
199
Let m be (-7 - -7)/(-3 + 2). Suppose -4*t + 0*t - r = -242, 5*r + 10 = m. Suppose -6 = c - t. What are the prime factors of c?
5, 11
Let w(o) = -6*o + 6. Let i be 3 - 0 - 10*5. Let m = -57 - i. What are the prime factors of w(m)?
2, 3, 11
Suppose 7 + 9 = 8*q. What are the prime factors of q/(-21) + 4 + 223160/147?
2, 761
Suppose -932360 + 18788041 = 436*l - 8350535. What are the prime factors of l?
2, 41, 733
Suppose 0 = -16*a + 202005 - 58485. Suppose a + 2118 = 21*h. List the prime factors of h.
2, 3, 11
Let h = 3081 - 1518. Suppose 3*u - h = -3*y + 48, u - y - 543 = 0. What are the prime factors of u?
2, 3, 5
Let u = 350 + -370. Let b(s) be the second derivative of -s**5/20 - 19*s**4/12 + 3*s**3/2 - 23*s**2/2 - 9*s. What are the prime factors of b(u)?
197
Suppose -b + 25 = 1. Suppose 0 = -3*x + b + 3. Let v(d) = 2*d**2 - 5*d. What are the prime factors of v(x)?
3, 13
What are the prime factors of (-30 - -28)/((-1)/2) + 27378?
2, 13691
Suppose -a + 104 = 7*a. Suppose -3*c + 10752 = a*c. List the prime factors of c.
2, 3, 7
Let f = 1 + -60. Let y = f + 70. What are the prime factors of 104/1 - (6 - y)?
109
Let l(s) = -s**3 - 18*s**2 - 21*s +